). Let p(k) = 3*k + 3. Suppose 0 = 4*r + 4*a + 8, 8 = -2*a. Let q(h) = -3*h - 3. Let l(i) = r*q(i) + 3*p(i). Give l(x).
-6
Let h(z) = -z + 4. Let c(w) = -3*w + 11. Let p(l) = 6*c(l) - 17*h(l). Calculate p(6).
-8
Suppose 3*k - 29 = 4*x, 5*k + 4*x + 4 + 1 = 0. Let q be 2/((-3)/(k/2)). Let h(u) be the first derivative of -3*u**4/2 - u**3/3 + 31. Determine h(q).
5
Let g = -20 - -13. Let o = 5 + g. Let y(q) = 9*q**3 + 6*q**2 + q + 13. Let z(c) = -5*c**3 - 3*c**2 - 7. Let h(w) = -4*y(w) - 7*z(w). What is h(o)?
1
Let h = 6 - 11. Let k(d) = -d**2 - 6*d - 1. Let m be k(h). Let q(f) = 0 + m*f + 1 - 2*f - 3. Calculate q(2).
2
Let t(v) be the third derivative of v**4/24 - v**3/2 - 4*v**2. Suppose 0*z - 5*z + x - 75 = 0, 0 = -4*z - x - 69. Let s = z + 11. Give t(s).
-8
Let v = -9 - -18. Let g(c) = 2 - v - 4*c - c**2 + 12*c. Determine g(6).
5
Let d(f) = -5*f**2 - f + 8. Let k(g) = -11*g**2 - 3*g + 17. Let a(n) = 9*d(n) - 4*k(n). What is a(5)?
-6
Suppose -3*n = 9 - 0. Let f(k) be the first derivative of k**4/4 + k**3 - k**2 + 2*k + 4. What is f(n)?
8
Let j be 1/4 + (-42)/(-56). Let c(t) = t - 1. Calculate c(j).
0
Let t(a) = -a**3 + 2*a**2 - 1. Let j = 204 - 203. Calculate t(j).
0
Let f(l) = l**3 - 4*l**2 - 4*l - 6. Let s(z) = -z - 5. Let h be s(-5). Suppose -2*c + h = -10. Calculate f(c).
-1
Suppose -3*x + 5*x - 4 = 0. Let v(m) = -m**3 + m - 2. Give v(x).
-8
Let f(p) = -p**3 + p**2 + p + 4. Let o be f(0). Let r(n) = n**3 - 4*n**2 + 2*n - 2. Let v be r(o). Let a(u) = u**3 - 7*u**2 + 4*u + 1. Give a(v).
-11
Suppose -5*g + 3*c = 50, 72 + 18 = -5*g - 5*c. Let u(l) = -4*l + 7. Let w(f) = 9*f - 15. Let q(t) = g*u(t) - 6*w(t). Give q(2).
-5
Let y(j) = -j**3 + 6*j**2 - 3. Let h be ((-80)/100)/((-2)/15). Calculate y(h).
-3
Suppose -p + 2*p = -12. Let f = p + 8. Let t(v) = -v**2 - 2*v + 2. Give t(f).
-6
Let t be 54/7 + (-6)/(-21). Let f = t - 5. Suppose f*l + 7 = 1. Let s(a) = -4*a - 1. Give s(l).
7
Let o(k) = 5*k - 2. Let q(r) = -11*r + 4. Let z(w) = 13*o(w) + 6*q(w). Determine z(3).
-5
Let b(l) = -152*l + 81*l + 6 + 75*l. What is b(7)?
34
Let m(u) = -6*u + 21. Let w be m(3). Let f(i) be the third derivative of -1/24*i**4 + 0*i - i**2 - 1/3*i**w + 0. Give f(2).
-4
Let g be (1 + -1)*1/1. Let p = 6 + -1. Let l(z) = -3 - z**2 - z + 9 - 2 + p. Determine l(g).
9
Let r(w) = 3*w**3 + w**2 + w - 1. Let a(c) = -c**3 - 2*c**2 + 4*c + 4. Suppose 5*j + 16 = 1. Let f be a(j). What is r(f)?
4
Let q = -10 + 15. Let l(t) be the third derivative of t**7/5040 - t**6/144 - t**5/60 + t**2. Let s(f) be the third derivative of l(f). Calculate s(q).
0
Suppose 8*y - 6*y - 8 = 0. Suppose y = -w + 6. Let o(a) = -a**2 + 2. What is o(w)?
-2
Let p(y) = -2*y**2 - 5*y - 6. Let n(u) = u**2 + 3*u + 3. Let m(d) = 7*n(d) + 4*p(d). Determine m(0).
-3
Let s(d) = d**2 + d - 4. Let i be s(-3). Let n(l) = -93*l - 1 + 2*l**i - 5*l**2 + 94*l - l**3. What is n(-4)?
11
Let i(n) = n - 1. Suppose -20 = -4*d - 6*d. What is i(d)?
1
Let j(k) = -k**3 + 5*k**2 - 2*k. Let u be j(3). Suppose 15*o - u*o = -3. Let d(f) = 7*f. Give d(o).
-7
Suppose -4*v - 15 = 4*i - 39, 0 = 2*v - 3*i + 3. Suppose 3*l = 1 + 8. Let a(c) = 1 + 4*c + 4*c**3 + 2 - l*c**3 - 6 - 3*c**2. Determine a(v).
9
Let m be 20/2*(-2)/5. Let t(z) be the first derivative of -z**5/120 - z**4/12 + 7*z**3/3 - 7. Let v(c) be the third derivative of t(c). Determine v(m).
2
Let g(u) = -u**3 - 9*u**3 + 3 + 13*u**3 - 4*u**3 - 3*u**2 + u. Suppose 9 = -x - 4*m - 2, -21 = -4*x - 3*m. Suppose l + x = -2*l. Calculate g(l).
0
Let l(g) = 5*g + 12*g - 9*g. Determine l(1).
8
Let v be ((-6)/4)/((-2)/4). Let n(o) = -o**2 + o - 4. Determine n(v).
-10
Let n(r) = 5*r - 3. Let i = 32 - 30. Give n(i).
7
Let d(u) = 2*u + 6. Let p = 66 - 72. Give d(p).
-6
Let g(z) = 4*z**3 + 11*z - 10. Let x(j) = -j**3 - j**2 - j + 1. Let f(w) = -g(w) - 5*x(w). Determine f(-6).
5
Let s(u) = -4*u - 7. Let n be s(-3). Let i(t) = t**2 - 3*t - 5. What is i(n)?
5
Let d be (-6)/(-33) + (-20)/(-11). Let f(h) = -3*h**2 - 3*h**2 + 4*h**2 + 4*h**d. Calculate f(-2).
8
Suppose 2*k + 3 = 5. Let h(y) = 2*y + 1. What is h(k)?
3
Let t(o) be the second derivative of o**5/20 + o**4/12 - o**2 - o. What is t(0)?
-2
Let m(i) = -3*i. Let r = 4 + -4. Suppose y - 4*b + 12 = -r*y, 0 = y - 3*b + 9. Suppose 15 = 5*s, -2*l - 5 = -3*s - y*s. Give m(l).
-6
Let v = -3 - -8. Let b(s) = s**3 - 4*s**2 - 7*s - 1. What is b(v)?
-11
Let w be 0 + 5 + 0/(-1). Let s(q) be the first derivative of -q**4/4 + 2*q**3 - 7*q**2/2 + 2*q + 5. What is s(w)?
-8
Let k(c) be the first derivative of -c**5/20 + c**3/6 - 2*c**2 - 2*c + 6. Let s(q) be the first derivative of k(q). What is s(0)?
-4
Let r(k) = k**2 + 7*k - 9. Let x = -36 - -27. What is r(x)?
9
Let a(l) = l**3 - 4*l**2 + 5. Let v be a(4). Let s(n) be the first derivative of 0*n**2 + 1/4*n**4 + 7*n - 5/3*n**3 + 6. Determine s(v).
7
Let c = 0 - -1. Let s(u) be the third derivative of -7*u**6/360 - u**5/120 + u**3/6 + 4*u**2. Let a(v) be the first derivative of s(v). Give a(c).
-8
Let i be 4/6*(-45)/(-6). Let p(a) = a**2 - 4*a + 7. Determine p(i).
12
Let b = 49 - 47. Let p(l) be the first derivative of 3*l**2/2 - 2*l - 3. What is p(b)?
4
Let g(w) = -w**3 + 5*w**2 - 4*w - 1. Suppose -2*o = -5*o - 21. Let n(s) = -s**2 - 7*s + 3. Let l be n(o). What is g(l)?
5
Suppose -2*n = -2*n - n. Let h(l) be the third derivative of -2*l**2 - 1/6*l**4 + 0*l + n*l**3 + 1/60*l**5 + 0. What is h(3)?
-3
Suppose 0*x - x = -2*x. Let q(n) be the second derivative of 1/6*n**3 - 3*n**2 - n + 0. Give q(x).
-6
Let w(x) be the third derivative of -x**9/60480 - x**8/10080 - x**6/180 - x**5/60 - 9*x**2. Let s(j) be the third derivative of w(j). What is s(-3)?
5
Let k = 277/120 - 23/10. Let f(n) be the third derivative of 0*n + 0 - k*n**6 + 1/3*n**3 + 3*n**2 + 0*n**4 + 1/60*n**5. Give f(0).
2
Suppose 22*y - 4*y + 54 = 0. Let v(h) = h**3 + 3*h**2 + h + 3. Calculate v(y).
0
Suppose 5*u - 2*o = 37, -3*u + 18 = 6*o - 3*o. Suppose 2*m = u*m + 15. Let k(q) = 2*q + 2*q**3 + q**3 + 2 + 3*q**2 - 2*q**3. Calculate k(m).
-4
Let w(b) = -3*b - 17. Let q(j) = -4*j - 26. Let m(t) = 5*q(t) - 7*w(t). Calculate m(8).
-3
Let k(h) be the second derivative of h**6/360 - h**5/40 - 5*h**4/24 + h**3/3 - 3*h. Let w(g) be the second derivative of k(g). Calculate w(5).
5
Let g(o) be the second derivative of -o**4/6 - o**2 + o. Suppose -j = -0 - 3. Suppose 0 = r - j*c + 8, -4*r + 8 = -c + 18. Determine g(r).
-10
Let d = 23 + -22. Let y(c) = -14*c**2 + 1. Give y(d).
-13
Let r(o) be the first derivative of o**4/12 + o**3/3 - 5*o**2/2 + 10*o + 4. Let w(p) be the first derivative of r(p). Suppose 4*i + 10 = -6. Determine w(i).
3
Let s(i) = -i**3 + 5*i**2 + 6. Let v = -3 - 0. Let n be -9*(2 + v) - 1. Suppose n = 4*x - 12. Determine s(x).
6
Let c(k) = k**2 + 3*k - 7. Let j be c(-5). Let y(x) = -6 + j - x + 0*x. What is y(3)?
-6
Let b(x) be the third derivative of -x**5/60 - 7*x**4/24 - 3*x**3/2 - 3*x**2. Let o(y) = -y - 3. Let p be o(3). What is b(p)?
-3
Let u(p) = 9*p - p**2 + 5*p + 8 - 9*p. Let y be u(6). Let n(j) = -2*j. Give n(y).
-4
Let m(f) = f - 1 + 4 + 4*f - 4*f. Suppose 3 = 5*b + 18. Determine m(b).
0
Let u be (22/5 - 2)*5. Suppose s = -3*s + u. Let i(o) = -6*o**s + 2*o - 3*o - 2*o**3. Give i(1).
-9
Let z(x) = -2*x**2 + 9*x - 5. Let n be z(4). Let u(i) = 14*i**2 - 1. What is u(n)?
13
Let b(r) = -1. Let v(j) = -4*j + 10. Let c(l) = -5*b(l) - v(l). Determine c(7).
23
Let c(n) = 11*n**2. Suppose 5*y - 12 = 2*a, 0*a - a + 3*y - 7 = 0. Determine c(a).
11
Let y(k) = -k**2 - 2*k + 4. Suppose -2*l + 4 + 2 = 0. Give y(l).
-11
Let n = -15 - -19. Let t(f) = -5*f + 2 - n*f**2 + 6*f**2 - f**2 + 2*f. Let q = 3 - 0. Calculate t(q).
2
Let c(p) = 2*p - 3. Let d be (-6)/(-15) + 13/5. Let v be (6/15)/(d/15). Let u be (-1)/(-1) + 2/v. What is c(u)?
1
Let x(s) = 3*s - 2. Let c be x(2). Let k(d) = 16*d**2 - 6*d**2 - 3*d - 2*d**2 - 1 - 7*d**2. Give k(c).
3
Let f(h) = -3 + 4*h**2 - 4*h - h - h**3 + 2*h**2. Determine f(5).
-3
Let h = -12 - -8. Let l(t) = -t + 3. Determine l(h).
7
Let a(p) = p + 11. Let k be a(-6). Let b(f) = 5 - f**3 + 1 + 2*f - 56*f**2 + 33*f**2 + 27*f**2. Determine b(k).
-9
Let g be -1*(8 + (-1 - -3)). Let x = 8 + g. Let b(l) = 3*l**2 + 2*l + 2. Calculate b(x).
10
Let q(x) = -x**3 - 3*x**2 + 4*x - 1. Suppose -4*n + 5 = 17. Give q(n).
-13
Let c(m) = -3